{"id":748,"date":"2022-10-17T13:16:11","date_gmt":"2022-10-17T11:16:11","guid":{"rendered":"http:\/\/4Ballers.de\/?page_id=748"},"modified":"2024-10-30T12:15:17","modified_gmt":"2024-10-30T11:15:17","slug":"podcast","status":"publish","type":"page","link":"https:\/\/4Ballers.de\/?page_id=748","title":{"rendered":"4Ballers Fu\u00dfballtalk"},"content":{"rendered":"\n<figure class=\"wp-block-embed is-type-rich is-provider-spotify wp-block-embed-spotify wp-embed-aspect-21-9 wp-has-aspect-ratio\"><div class=\"wp-block-embed__wrapper\">\n\t\t<div class=\"embed-privacy-container is-disabled embed-spotify\" data-embed-id=\"oembed_3ee5f1022ae7ad9f3cfedb50adfba94e\" data-embed-provider=\"spotify\" style=\"aspect-ratio: 1020\/152;\">\t\t\t\t\t\t<button type=\"button\" class=\"embed-privacy-enable screen-reader-text\">\u201eSpotify Embed: Ballon d&amp;apos;Or Rage Special\u201c von Spotify anzeigen<\/button>\t\t\t\t\t\t<div class=\"embed-privacy-overlay\">\t\t\t\t<div class=\"embed-privacy-inner\">\t\t\t\t\t<div class=\"embed-privacy-logo\" style=\"background-image: url(https:\/\/4Ballers.de\/wp-content\/plugins\/embed-privacy\/assets\/images\/embed-spotify.png?ver=1.12.3);\"><\/div>\t\t<p>\t\tHier klicken, um den Inhalt von Spotify anzuzeigen.\t\t\t\t\t<br>\t\t\t\t\tErfahre mehr in der <a href=\"https:\/\/www.spotify.com\/privacy\/\" target=\"_blank\">Datenschutzerkl\u00e4rung von Spotify<\/a>.\t\t<\/p>\t\t<p class=\"embed-privacy-input-wrapper\">\t\t\t<input id=\"embed-privacy-store-spotify-3ee5f1022ae7ad9f3cfedb50adfba94e\" type=\"checkbox\" value=\"1\" class=\"embed-privacy-input\" data-embed-provider=\"spotify\">\t\t\t<label for=\"embed-privacy-store-spotify-3ee5f1022ae7ad9f3cfedb50adfba94e\" class=\"embed-privacy-label\" data-embed-provider=\"spotify\">\t\t\t\tInhalt von Spotify immer anzeigen\t\t\t<\/label>\t\t<\/p>\t\t\t\t\t\t<\/div>\t\t\t\t\t\t\t\t<div class=\"embed-privacy-footer\"><span class=\"embed-privacy-url\"><a href=\"https:\/\/open.spotify.com\/episode\/1eyjkk6NDrbrmwvImokjQp?si=pSg5oCNYTJKy_3g5LElmdA&#038;context=spotify%3Ashow%3A1Oh8cbfvBrGYz4izrtReCT&#038;t=343&#038;nd=1&#038;dlsi=1a0a21d79c4a4df5\">\u201eSpotify Embed: Ballon d&apos;Or Rage Special\u201c direkt \u00f6ffnen<\/a><\/span><\/div>\t\t\t<\/div>\t\t\t\t\t\t<div class=\"embed-privacy-content\">\t\t\t\t<script>var _oembed_3ee5f1022ae7ad9f3cfedb50adfba94e = '{\\\"embed\\\":\\\"&lt;iframe title=&quot;Spotify Embed: Ballon d&amp;amp;apos;Or Rage Special&quot; style=&quot;border-radius: 12px&quot; width=&quot;100%&quot; height=&quot;152&quot; frameborder=&quot;0&quot; allowfullscreen allow=&quot;autoplay; clipboard-write; encrypted-media; fullscreen; picture-in-picture&quot; loading=&quot;lazy&quot; src=&quot;https:\\\\\/\\\\\/open.spotify.com\\\\\/embed\\\\\/episode\\\\\/1eyjkk6NDrbrmwvImokjQp?si=pSg5oCNYTJKy_3g5LElmdA&amp;context=spotify%3Ashow%3A1Oh8cbfvBrGYz4izrtReCT&amp;t=343&amp;nd=1&amp;dlsi=1a0a21d79c4a4df5&amp;utm_source=oembed&quot;&gt;&lt;\\\\\/iframe&gt;\\\"}';<\/script>\t\t\t<\/div>\t\t<\/div>\t\t\n<\/div><\/figure>\n\n\n\n<p><a href=\"https:\/\/open.spotify.com\/episode\/1eyjkk6NDrbrmwvImokjQp?si=pSg5oCNYTJKy_3g5LElmdA&amp;context=spotify%3Ashow%3A1Oh8cbfvBrGYz4izrtReCT&amp;t=343&amp;nd=1&amp;dlsi=1a0a21d79c4a4df5\" target=\"_blank\" rel=\"noreferrer noopener\">Neueste Folge<\/a> bei Spotify anh\u00f6ren<\/p>\n\n\n\n<p>Als MP3<\/p>\n\n\n\n<figure class=\"wp-block-audio\"><audio controls src=\"https:\/\/4Ballers.de\/wp-content\/uploads\/2024\/10\/oooo.mp3\"><\/audio><\/figure>\n\n\n\n<p>Bei <a rel=\"noreferrer noopener\" href=\"https:\/\/open.spotify.com\/show\/1Oh8cbfvBrGYz4izrtReCT\" data-type=\"URL\" data-id=\"https:\/\/open.spotify.com\/show\/1Oh8cbfvBrGYz4izrtReCT\" target=\"_blank\">Spotify<\/a> abonnieren<\/p>\n\n\n\n<p>Als <a href=\"https:\/\/anchor.fm\/s\/c1408604\/podcast\/rss\" data-type=\"URL\" data-id=\"https:\/\/anchor.fm\/s\/c1408604\/podcast\/rss\" target=\"_blank\" rel=\"noreferrer noopener\">RSS-Feed<\/a> abonnieren <\/p>\n","protected":false},"excerpt":{"rendered":"<p>Neueste Folge bei Spotify anh\u00f6ren Als MP3 Bei Spotify abonnieren Als RSS-Feed abonnieren<\/p>\n","protected":false},"author":2,"featured_media":0,"parent":0,"menu_order":0,"comment_status":"closed","ping_status":"closed","template":"","meta":{"footnotes":""},"class_list":["post-748","page","type-page","status-publish","hentry"],"yoast_head":"<!-- This site is optimized with the Yoast SEO plugin v27.4 - https:\/\/yoast.com\/product\/yoast-seo-wordpress\/ -->\n<title>4Ballers Fu\u00dfballtalk - 4Ballers - Euer Fu\u00dfballblog<\/title>\n<meta name=\"robots\" content=\"index, follow, max-snippet:-1, max-image-preview:large, max-video-preview:-1\" \/>\n<link rel=\"canonical\" href=\"https:\/\/4Ballers.de\/?page_id=748\" \/>\n<meta property=\"og:locale\" content=\"de_DE\" \/>\n<meta property=\"og:type\" content=\"article\" \/>\n<meta property=\"og:title\" content=\"4Ballers Fu\u00dfballtalk - 4Ballers - Euer Fu\u00dfballblog\" \/>\n<meta property=\"og:description\" content=\"Neueste Folge bei Spotify anh\u00f6ren Als MP3 Bei Spotify abonnieren Als RSS-Feed abonnieren\" \/>\n<meta property=\"og:url\" content=\"https:\/\/4Ballers.de\/?page_id=748\" \/>\n<meta property=\"og:site_name\" content=\"4Ballers - Euer Fu\u00dfballblog\" \/>\n<meta property=\"article:modified_time\" content=\"2024-10-30T11:15:17+00:00\" \/>\n<meta name=\"twitter:card\" content=\"summary_large_image\" \/>\n<meta name=\"twitter:site\" content=\"@4Ballers_\" \/>\n<meta name=\"twitter:label1\" content=\"Gesch\u00e4tzte Lesezeit\" \/>\n\t<meta name=\"twitter:data1\" content=\"1\u00a0Minute\" \/>\n<script type=\"application\/ld+json\" class=\"yoast-schema-graph\">{\"@context\":\"https:\\\/\\\/schema.org\",\"@graph\":[{\"@type\":\"WebPage\",\"@id\":\"https:\\\/\\\/4Ballers.de\\\/?page_id=748\",\"url\":\"https:\\\/\\\/4Ballers.de\\\/?page_id=748\",\"name\":\"4Ballers Fu\u00dfballtalk - 4Ballers - Euer Fu\u00dfballblog\",\"isPartOf\":{\"@id\":\"https:\\\/\\\/4Ballers.de\\\/#website\"},\"datePublished\":\"2022-10-17T11:16:11+00:00\",\"dateModified\":\"2024-10-30T11:15:17+00:00\",\"breadcrumb\":{\"@id\":\"https:\\\/\\\/4Ballers.de\\\/?page_id=748#breadcrumb\"},\"inLanguage\":\"de\",\"potentialAction\":[{\"@type\":\"ReadAction\",\"target\":[\"https:\\\/\\\/4Ballers.de\\\/?page_id=748\"]}]},{\"@type\":\"BreadcrumbList\",\"@id\":\"https:\\\/\\\/4Ballers.de\\\/?page_id=748#breadcrumb\",\"itemListElement\":[{\"@type\":\"ListItem\",\"position\":1,\"name\":\"Startseite\",\"item\":\"https:\\\/\\\/4Ballers.de\\\/\"},{\"@type\":\"ListItem\",\"position\":2,\"name\":\"4Ballers Fu\u00dfballtalk\"}]},{\"@type\":\"WebSite\",\"@id\":\"https:\\\/\\\/4Ballers.de\\\/#website\",\"url\":\"https:\\\/\\\/4Ballers.de\\\/\",\"name\":\"4Ballers\",\"description\":\"\",\"potentialAction\":[{\"@type\":\"SearchAction\",\"target\":{\"@type\":\"EntryPoint\",\"urlTemplate\":\"https:\\\/\\\/4Ballers.de\\\/?s={search_term_string}\"},\"query-input\":{\"@type\":\"PropertyValueSpecification\",\"valueRequired\":true,\"valueName\":\"search_term_string\"}}],\"inLanguage\":\"de\"}]}<\/script>\n<!-- \/ Yoast SEO plugin. -->","yoast_head_json":{"title":"4Ballers Fu\u00dfballtalk - 4Ballers - Euer Fu\u00dfballblog","robots":{"index":"index","follow":"follow","max-snippet":"max-snippet:-1","max-image-preview":"max-image-preview:large","max-video-preview":"max-video-preview:-1"},"canonical":"https:\/\/4Ballers.de\/?page_id=748","og_locale":"de_DE","og_type":"article","og_title":"4Ballers Fu\u00dfballtalk - 4Ballers - Euer Fu\u00dfballblog","og_description":"Neueste Folge bei Spotify anh\u00f6ren Als MP3 Bei Spotify abonnieren Als RSS-Feed abonnieren","og_url":"https:\/\/4Ballers.de\/?page_id=748","og_site_name":"4Ballers - Euer Fu\u00dfballblog","article_modified_time":"2024-10-30T11:15:17+00:00","twitter_card":"summary_large_image","twitter_site":"@4Ballers_","twitter_misc":{"Gesch\u00e4tzte Lesezeit":"1\u00a0Minute"},"schema":{"@context":"https:\/\/schema.org","@graph":[{"@type":"WebPage","@id":"https:\/\/4Ballers.de\/?page_id=748","url":"https:\/\/4Ballers.de\/?page_id=748","name":"4Ballers Fu\u00dfballtalk - 4Ballers - Euer Fu\u00dfballblog","isPartOf":{"@id":"https:\/\/4Ballers.de\/#website"},"datePublished":"2022-10-17T11:16:11+00:00","dateModified":"2024-10-30T11:15:17+00:00","breadcrumb":{"@id":"https:\/\/4Ballers.de\/?page_id=748#breadcrumb"},"inLanguage":"de","potentialAction":[{"@type":"ReadAction","target":["https:\/\/4Ballers.de\/?page_id=748"]}]},{"@type":"BreadcrumbList","@id":"https:\/\/4Ballers.de\/?page_id=748#breadcrumb","itemListElement":[{"@type":"ListItem","position":1,"name":"Startseite","item":"https:\/\/4Ballers.de\/"},{"@type":"ListItem","position":2,"name":"4Ballers Fu\u00dfballtalk"}]},{"@type":"WebSite","@id":"https:\/\/4Ballers.de\/#website","url":"https:\/\/4Ballers.de\/","name":"4Ballers","description":"","potentialAction":[{"@type":"SearchAction","target":{"@type":"EntryPoint","urlTemplate":"https:\/\/4Ballers.de\/?s={search_term_string}"},"query-input":{"@type":"PropertyValueSpecification","valueRequired":true,"valueName":"search_term_string"}}],"inLanguage":"de"}]}},"_links":{"self":[{"href":"https:\/\/4Ballers.de\/index.php?rest_route=\/wp\/v2\/pages\/748","targetHints":{"allow":["GET"]}}],"collection":[{"href":"https:\/\/4Ballers.de\/index.php?rest_route=\/wp\/v2\/pages"}],"about":[{"href":"https:\/\/4Ballers.de\/index.php?rest_route=\/wp\/v2\/types\/page"}],"author":[{"embeddable":true,"href":"https:\/\/4Ballers.de\/index.php?rest_route=\/wp\/v2\/users\/2"}],"replies":[{"embeddable":true,"href":"https:\/\/4Ballers.de\/index.php?rest_route=%2Fwp%2Fv2%2Fcomments&post=748"}],"version-history":[{"count":7,"href":"https:\/\/4Ballers.de\/index.php?rest_route=\/wp\/v2\/pages\/748\/revisions"}],"predecessor-version":[{"id":6611,"href":"https:\/\/4Ballers.de\/index.php?rest_route=\/wp\/v2\/pages\/748\/revisions\/6611"}],"wp:attachment":[{"href":"https:\/\/4Ballers.de\/index.php?rest_route=%2Fwp%2Fv2%2Fmedia&parent=748"}],"curies":[{"name":"wp","href":"https:\/\/api.w.org\/{rel}","templated":true}]}}